04654?
True
Does 188 divide 100798456?
True
Is 1830196409 a multiple of 1943?
False
Does 495 divide 36259853?
False
Is 61 a factor of 75289921?
True
Does 65 divide 354640?
True
Is 676 a factor of 1881984?
True
Is 3042 a factor of 15912040?
False
Is 12 a factor of 40208267?
False
Is 23 a factor of 5165064?
True
Does 4725 divide 982410905?
False
Is 345450775 a multiple of 3?
False
Is 865650048 a multiple of 24?
True
Does 47 divide 1648073226?
False
Does 994 divide 1050100510?
False
Is 1441049346 a multiple of 18?
True
Does 100 divide 888120269?
False
Is 101976200 a multiple of 100?
True
Does 8 divide 22528232?
True
Is 135238950 a multiple of 1890?
True
Is 613818938 a multiple of 90?
False
Is 134783122 a multiple of 454?
False
Does 14 divide 25805381?
False
Does 50 divide 271884436?
False
Is 1538792 a multiple of 4?
True
Is 1053995256 a multiple of 281?
False
Is 124 a factor of 125762015?
False
Does 22 divide 312539106?
True
Is 5 a factor of 81192850?
True
Is 3971 a factor of 4818792616?
True
Is 204489744 a multiple of 194?
False
Is 69 a factor of 402827?
False
Is 2059 a factor of 129249607?
True
Does 630 divide 6461433?
False
Does 38 divide 216993941?
False
Is 124 a factor of 617757137?
False
Is 9158158 a multiple of 564?
False
Is 284984140 a multiple of 20?
True
Is 65 a factor of 38944425?
True
Does 10 divide 887131705?
False
Is 1751003904 a multiple of 192?
True
Is 369 a factor of 148260088?
False
Is 39095240 a multiple of 223?
False
Is 10112262 a multiple of 139?
False
Is 107930496 a multiple of 102?
False
Is 15926922 a multiple of 66?
True
Does 20 divide 124576364?
False
Is 31857270 a multiple of 15?
True
Does 7092 divide 878252004?
True
Is 98512084 a multiple of 1133?
True
Is 353788346 a multiple of 24?
False
Is 48507990 a multiple of 22?
False
Is 853 a factor of 307217196?
False
Is 397 a factor of 15914300?
False
Is 377521254 a multiple of 11?
True
Is 919 a factor of 4184693625?
False
Does 10670 divide 954186090?
True
Is 1915 a factor of 1814293429?
False
Is 16458451 a multiple of 192?
False
Does 373 divide 153590960?
False
Is 1838 a factor of 181052190?
True
Does 36 divide 802329?
False
Is 2273 a factor of 714583467?
True
Is 81 a factor of 1442292075?
True
Is 267 a factor of 80160909?
False
Is 1477 a factor of 231621663?
True
Is 96 a factor of 385347831?
False
Is 23247090 a multiple of 90?
True
Does 302 divide 196505058?
True
Is 839384816 a multiple of 184?
True
Is 253 a factor of 407797806?
False
Is 647684745 a multiple of 3?
True
Is 6564 a factor of 495443624?
False
Is 985281612 a multiple of 42?
True
Does 41 divide 1743000651?
True
Does 2184 divide 280058688?
True
Does 158 divide 1459200?
False
Is 6425 a factor of 667692884?
False
Is 519795816 a multiple of 5918?
False
Does 229 divide 1317141132?
True
Is 577 a factor of 8721792?
False
Is 495167222 a multiple of 3?
False
Is 379554420 a multiple of 60?
True
Is 9978316 a multiple of 966?
False
Is 22596323 a multiple of 445?
False
Is 8705165 a multiple of 35?
True
Is 546268930 a multiple of 5?
True
Is 2232 a factor of 37025323?
False
Does 19 divide 520970006?
True
Is 431 a factor of 188730159?
True
Is 1366 a factor of 33006658?
True
Is 724457587 a multiple of 12?
False
Is 69 a factor of 6986504?
False
Is 109829648 a multiple of 16?
True
Is 46 a factor of 634402468?
True
Is 30 a factor of 3389250?
True
Is 234 a factor of 81712272?
False
Is 91494782 a multiple of 34?
True
Does 121 divide 250185771?
True
Is 25232031 a multiple of 43?
False
Is 16 a factor of 1921342?
False
Is 357556495 a multiple of 1087?
False
Is 329 a factor of 226684619?
True
Is 134316960 a multiple of 5532?
True
Is 1202434758 a multiple of 14?
True
Is 769437169 a multiple of 2460?
False
Is 103529184 a multiple of 272?
True
Does 36 divide 858495078?
False
Does 2 divide 527776?
True
Is 40535608 a multiple of 11?
False
Is 10 a factor of 130797814?
False
Is 9 a factor of 248321527?
False
Does 7 divide 294510097?
True
Is 5195823508 a multiple of 1244?
True
Is 43339372 a multiple of 1630?
False
Is 126 a factor of 57131126?
False
Is 2391 a factor of 199918431?
False
Is 46 a factor of 126213558?
True
Is 39 a factor of 47540610?
True
Does 26 divide 125090992?
True
Does 9 divide 48077811?
True
Does 12 divide 28051248?
True
Does 14 divide 287074810?
False
Is 125217638 a multiple of 343?
True
Is 9749552 a multiple of 1028?
True
Does 78 divide 8250918?
True
Is 1705 a factor of 1392202621?
False
Is 8515356 a multiple of 101?
False
Is 9143672 a multiple of 3?
False
Is 130255007 a multiple of 476?
False
Is 155 a factor of 355795370?
True
Is 271864 a multiple of 34?
True
Is 6767040 a multiple of 56?
True
Does 868 divide 106052240?
True
Does 80 divide 77027520?
True
Is 244732927 a multiple of 18?
False
Does 10 divide 81184578?
False
Does 29 divide 3012312795?
True
Is 2205 a factor of 82387620?
True
Does 91 divide 3134938042?
False
Is 124489494 a multiple of 18?
True
Is 254 a factor of 197481668?
False
Does 4 divide 15647167?
False
Does 2169 divide 1044336627?
True
Is 270 a factor of 55593000?
True
Does 1284 divide 20474664?
True
Does 207 divide 572028147?
True
Does 9592 divide 1611385655?
False
Does 131 divide 388800419?
False
Is 2389982 a multiple of 15?
False
Is 80818031 a multiple of 257?
False
Does 1209 divide 17643391?
False
Is 90283719 a multiple of 125?
False
Does 306 divide 268875765?
False
Is 54 a factor of 3626287?
False
Is 3503791 a multiple of 20?
False
Does 445 divide 144453285?
False
Is 3760982713 a multiple of 64?
False
Is 21 a factor of 2142604253?
False
Is 5292598511 a multiple of 12257?
False
Is 1924 a factor of 102308951?
False
Is 6094785 a multiple of 8?
False
Is 537900127 even?
False
Does 433 divide 102628361?
True
Is 10 a factor of 203146123?
False
Is 124 a factor of 554380688?
True
Does 356 divide 49653888?
False
Is 14 a factor of 682190348?
True
Is 4 a factor of 37972642?
False
Is 8438920 a multiple of 7?
True
Does 18 divide 213022242?
True
Does 5 divide 26286140?
True
Is 6 a factor of 19141070?
False
Does 192 divide 1287558720?
True
Does 19 divide 553936159?
False
Does 14 divide 825436500?
True
Does 187 divide 16097689?
False
Does 500 divide 74243425?
False
Is 133396680 a multiple of 945?
False
Is 840257948 a multiple of 1894?
True
Does 58 divide 21536358?
False
Does 963 divide 15803233?
False
Does 57 divide 2548641?
True
Is 39 a factor of 7944065064?
True
Is 460 a factor of 630939007?
False
Is 118 a factor of 568703521?
False
Is 355270028 a multiple of 10?
False
Is 14 a factor of 102478810?
True
Does 18 divide 2031943097?
False
Is 47028891 a multiple of 91?
True
Is 7899103 a multiple of 60?
False
Does 721 divide 11555161?
False
Does 1145 divide 130831135?
True
Does 840 divide 545102040?
True
Is 11538097 a multiple of 110?
False
Is 39755724 a multiple of 901?
True
Is 1549 a factor of 38497297?
True
Does 645 divide 43504?
False
Is 10 a factor of 196337740?
True
Is 91277732 a multiple of 34?
False
Does 14 divide 192644345?
False
Does 561 divide 25223745?
False
Is 29 a factor of 1589346218?
True
Does 15 divide 216164870?
False
Does 12 divide 1285171602?
False
Does 4680 divide 204923160?
True
Is 5 a factor of 27113533?
False
Does 98 divide 492045065?
False
Is 708608773 a multiple of 5?
False
Is 294 a factor of 97222123?
False
Is 2199873745 a multiple of 79?
False
Is 470 a factor of 7097470?
True
Does 2053 divide 984179075?
False
Does 1626 divide 33012879?
False
Is 691769500 a multiple of 500?
True
Is 938 a factor of 1188402852?
True
Is 2613 a factor of 73459269?
True
Is 52898376 a multiple of 8?
True
Is 24053469 a multiple of 69?
True
Does 588 divide 8574216?
True
Is 3354 a factor of 537640448?
False
Does 11 divide 129675607?
False
Does 5632 divide 569581745?
False
Is 3758142444 a multiple of 7367?
True
Does 2670 divide 457696740?
True
Is 52494155 a multiple of 5?
True
Does 869 divide 943123093?
True
Is 858 a factor of 91014284?
False
Is 28214785 a multiple of 913?
False
Is 32 a factor of 290684476?
False
Is 8 a factor of 417778040?
True
Is 4101057 a multiple of 11?
False
Is 2382 a factor of 833280768?
True
Is 2031 a factor of 253255545?
True
Does 81 divide 499680657?
True
Is 39 a factor of 27512199?
True
Is 166 a factor of 34734603?
False
Does 1186 divide 64855224?
True
Is 45909232 a multiple of 8?
True
Is 6 a fac